 - 1. Let f(q) = 2*q - 9 - p + 6. Let j = 6 + -2. Give f(j).
4
Let x(f) be the first derivative of -f**3/3 + 7*f**2/2 - 4*f + 1. Let l(k) = 2*k + 2. Let h be l(4). Suppose -h = 35*a - 37*a. Calculate x(a).
6
Let a(o) = -o. Let y = -55 - -55. Let h be (y/(16/(-4)))/(-2). Calculate a(h).
0
Let s(k) be the second derivative of -k**8/6720 - k**7/252 - k**6/90 + k**5/120 + 2*k**4 - 4*k - 7. Let b(q) be the third derivative of s(q). Determine b(-9).
-8
Suppose -3*y - 5*l = -6*y + 8, 0 = -2*y + 5*l + 12. Let q(r) = -6*r**2 + r + 7. Let k(n) = n**2 - 1. Let f(t) = 5*k(t) + q(t). Determine f(y).
-18
Let r(j) = 6*j + 3. Let c = 21 - 21. Suppose 4*a - 8 = c, -2*a + 16 = 4*d - 4. Suppose 5*l - 5*z = -20, -d*l - 4*z + 0*z = 0. Give r(l).
-9
Let m be (-3)/(-3)*1*1. Let q be (-1)/m - (4 - 9). Let d(x) = 2*x**3 - 4*x**2 - 4 + 4*x**3 + 4*x - 5*x**3. Determine d(q).
12
Let s(f) = -f**3 - 7*f**2 - 15*f - 31. Suppose 0*r - 7 = r + a, 0 = r + 5*a + 15. What is s(r)?
-6
Let v(t) = 8*t**3 - 4*t**2 - 5*t + 1. Let q(i) = 11*i**3 - 5*i**2 - 7*i + 1. Let r(h) = -5*q(h) + 7*v(h). Determine r(-1).
-2
Let x(m) be the second derivative of -1/12*m**4 - m**2 - 7*m - 1/3*m**3 + 0. What is x(-3)?
-5
Let g(x) = 8*x**2 + 16*x + 5. Let s(k) = k**2 + 2*k + 1. Let d(b) = g(b) - 6*s(b). What is d(-3)?
5
Let z(y) = 2*y**3 - 15*y**2 + 6*y + 4. Let n(k) = 0*k**2 + 0*k + 2 + k**3 + 4*k - k - 8*k**2. Let f(q) = -5*n(q) + 3*z(q). What is f(4)?
-2
Let q(r) = -5*r - r + 10*r - 7*r + 2. What is q(2)?
-4
Let i(w) = w**3 - w**2 - 665 - 3*w + 659 + 4*w. Let s = 1 - 1. What is i(s)?
-6
Let h(g) = 61*g - 9. Let s(l) = 112*l - 17. Let m(o) = 11*h(o) - 6*s(o). Calculate m(9).
-6
Let y(a) be the first derivative of a**4/4 + 4*a**3/3 - 5*a + 1. Let f = 29 + -26. Suppose 0*t - 5*m = 3*t + 22, -4*t - 10 = -f*m. What is y(t)?
-5
Let z(a) be the first derivative of -a**3/3 - 3*a**2/2 - 3*a - 2. Let k(c) = c**3 - 9*c**2 - 9*c - 13. Let m be k(10). Give z(m).
-3
Let c(i) = -14*i**2 - 2*i + 1 + 7*i + 10*i**2 + 3*i**2 - 23*i. Determine c(-18).
1
Let y(s) be the first derivative of s**2/2 + 4*s - 9. Let w(a) = 9*a - 5*a - 5*a**2 - 5*a + a**2. Let g be w(-1). Determine y(g).
1
Let v(l) be the second derivative of -l**5/120 + l**3/3 - l. Let r(w) be the second derivative of v(w). What is r(-5)?
5
Let p = -28 + 23. Let y(u) = u**3 + 5*u**2 - 2*u + 1. Let n(g) = g**3 + 5*g**2 - 2*g + 1. Suppose 0 = 2*c + 3*c + 25. Let f(s) = c*y(s) + 6*n(s). Give f(p).
11
Let f(a) be the first derivative of -a**3/3 - 9*a**2/2 + 14*a - 33. Determine f(-10).
4
Let q = -11 - -24. Suppose q = -3*y + 19. Suppose 3*i + u - 5*u = 17, y*i = -u + 4. Let d(c) = -c**3 + 4*c**2 - 2*c - 3. Determine d(i).
0
Let r(m) = -m**2 - 7*m - 3. Let u be r(-6). Let t be (-1 + 2)/((-1)/u). Let j(f) = f**3 + 2*f**2 - f + 4. Calculate j(t).
-2
Suppose -2*f - 3 = 3*d - 0*d, -5 = 5*d - 3*f. Let a(k) = 1. Let w(j) = 2*j - 4. Let t(x) = -5*a(x) - w(x). Calculate t(d).
1
Let o(m) = m**2 - 2*m - 4. Let v(i) = i**3 + 6*i**2 + 5*i + 5. Suppose 2*l + 28 = -5*p + p, 2*p = 2*l - 2. Let t be v(p). Suppose -2 = -q - t. Calculate o(q).
11
Let i(f) be the second derivative of 4/5*f**5 - 1/2*f**2 - 3*f + 1/12*f**4 + 0*f**3 + 0. What is i(1)?
16
Let m(z) = -z**2 + 7. Let p(g) = 2*g**3 - 2*g**2 - g - 2. Let q be p(2). Suppose -f = -q*f - 12. Let d be ((-8)/(-2) + f)/2. Give m(d).
7
Suppose 11*s = -270 + 314. Let f(w) be the second derivative of -1/3*w**3 + 0 + 8*w + 1/2*w**2 - 1/6*w**s. What is f(1)?
-3
Let w(b) be the first derivative of -b**4/4 - 2*b**3/3 + 4*b**2 + 8*b - 429. Determine w(-4).
8
Suppose -s = -6 + 7. Let p be 7 + (0 + s - 1/(-1)). Let m(k) = -k**3 + 7*k**2 + 4. What is m(p)?
4
Let s be (1/2)/(2/(-20)). Let x(d) be the third derivative of -d**6/120 - d**5/10 - d**4/8 - 1237*d**2. Determine x(s).
-10
Let h(u) = 64*u + 372. Let s be h(-6). Let z(y) = y**2 + 17*y + 1. Calculate z(s).
-59
Let k(a) = a**2 - 17*a - 6. Let u be k(17). Let w = u + 0. Let p(t) = 7 + t + 2 - 3. Determine p(w).
0
Let u(o) be the first derivative of o**4/4 - 4*o**3/3 + o**2 - 2*o + 489. Calculate u(4).
6
Let c(u) = 9*u**2 + 8*u - 8. Let v(s) = -5*s**2 - 4*s + 4. Let z(p) = 6*c(p) + 11*v(p). Let h = 45 + -31. Let l be 4/(-8) + h/4. What is z(l)?
-1
Let y(s) = 119*s - 120*s + 1 - 1. Suppose 4*o - 20 = -2*z, -4*o - 2*z = -7*o + 22. Determine y(o).
-6
Let g(p) = 13*p**3 - 12*p**2 - 25*p + 12. Let a(d) = 3*d**3 - 3*d**2 - 6*d + 3. Let x be 15*((-65)/(-25) - 2). Let o(f) = x*a(f) - 2*g(f). Give o(3).
-9
Suppose 1 - 9 = -4*u - 2*t, 3*u - 6 = -5*t. Suppose 0 = 3*w - 5*m + 10, -3*m + 10 = 2*m. Let y(n) = -n**u + w*n + 2 - n - n. Give y(3).
-13
Let z(s) = -s**2 - 9*s - 12. Let w be (-3)/9*-3*0. Suppose 4*k + u - 26 = 3*u, -5*k - 5*u + 55 = w. Suppose 2*a = 3*a + k. Calculate z(a).
-4
Suppose -196*g = -190*g - 66. Let n(c) = -c**3 + 12*c**2 - 9*c - 13. Give n(g).
9
Let f(c) = -c**3 - 9*c**2 - 9*c - 5. Suppose -24 = -4*n + 7*n. What is f(n)?
3
Suppose -28 = z - 25. Let y(k) = k + 1. Let m(p) = p + 1. Let r(g) = -m(g) + 2*y(g). Give r(z).
-2
Let n(a) = a**3 - 9*a**2 + 8*a + 3. Suppose 280 = 15*d + 20*d. Calculate n(d).
3
Let n(w) = 10 - 24*w - 97*w**2 + 8*w - 97*w**2 + 193*w**2. Determine n(-12).
58
Let x be 9/(-6)*(-60)/(-9). Let a(j) = j + 16. Let g be a(x). Let t(l) = l**2 - 7*l + 2. Determine t(g).
-4
Suppose 901*u = 882*u - 228. Let x(v) = 3*v + 47. Calculate x(u).
11
Let a be 5/((-100)/(-6))*11/198. Let u(t) be the third derivative of -1/12*t**4 + 0 + 0*t - 1/6*t**3 + t**2 - a*t**5. Give u(-1).
0
Let v(p) be the third derivative of -11*p**5/60 - p**3/6 - p**2. Suppose d - 20*k + 9 = -16*k, -2*d - k = 0. Determine v(d).
-12
Let z(v) = -v**2 + 0*v**3 - 4*v**2 - 4 - v**3. Let d be ((-2)/(-8))/(-5 - 990/(-200)). What is z(d)?
-4
Suppose 3*t = 3*c, -t - 9 = 4*c - 2*c. Let p(g) = g**3 + 4*g**2 + 4*g + 3. Let w be p(c). Let m(f) = f + 4 + 35*f**2 - 34*f**2 + 4. Determine m(w).
8
Suppose 0*q = -2*q. Suppose 0 = 3*w - 2*r - 10 - 3, q = -5*w + 5*r + 20. Let b(o) = 7 - 3 - o - o. Determine b(w).
-6
Suppose -18*h = -14*h - 8. Let j be ((-8)/(-12))/(h/(-18)*-3). Let y(m) = -m**3 + 3*m**2. Calculate y(j).
4
Let x(o) = 4*o**2 + 2*o + 1. Let j(c) = c**2 + c + 1. Let f(z) = 2*j(z) - x(z). Let h = -445 - -444. What is f(h)?
-1
Let a(f) be the second derivative of f**7/280 - f**6/360 + f**5/120 + 29*f**4/12 - 31*f. Let v(k) be the third derivative of a(k). Determine v(1).
8
Let r(m) be the third derivative of -1/120*m**6 - 1/12*m**4 + 0 + 0*m + 13*m**2 + 1/15*m**5 + 5/6*m**3. Determine r(4).
-3
Let w(l) = -l**2 - 1. Let j be (-9)/(27/(-12)) + -1. Suppose -j*k - 3*c - 39 = 0, -4*k = k - c + 95. Let u be (2/(-6))/((-3)/k). What is w(u)?
-5
Let n(o) = 13*o - 18. Let p(x) = 29*x - 36. Let v(a) = 9*n(a) - 4*p(a). What is v(0)?
-18
Let n(t) be the second derivative of -t**4/12 - 7*t**3/6 + 3*t**2 - t. Suppose -5*h + 13*h = -24. Let s be 5 + (-44)/(-12)*h. Calculate n(s).
12
Suppose 5*m = 2*m - 30. Let o be (3/2)/(5/m). Let z(p) = 1 - 1 - p - 4. What is z(o)?
-1
Let c(p) = p + 8. Let v be c(-7). Suppose -2 = 3*m + 13, 4*m + 28 = 4*i. Let u(f) = -465 - 5*f**i + 465. Determine u(v).
-5
Let r(t) = -3*t - 6. Suppose -106 = 4*x - 3*f, x + 34 = -2*f - f. Let c be (-4 + 3)*x/2. Let p = 10 - c. What is r(p)?
6
Suppose 5*s = -9 + 49. Suppose 2*l + 3*n + s = -n, 6 = -3*l - 4*n. Let w(h) = h**3 - h**2 + 7*h + l*h**2 + 1 + 3 - 10*h. Determine w(-3).
-5
Suppose 6*r - r = 35. Let m(p) be the second derivative of -p**3 + 0 - 4*p - 5/2*p**2 + 1/12*p**4. Give m(r).
2
Suppose 11*x + 134 - 101 = 0. Let t(f) = f - 1. What is t(x)?
-4
Let z be 1/2*(-5 + -3). Let f(v) = 5*v**3 - 2*v**2 + 2*v - 5. Let j(x) = -6*x**3 + 3*x**2 - 3*x + 6. Let n(g) = z*j(g) - 5*f(g). Give n(2).
-11
Let h(s) be the third derivative of s**7/840 + s**6/720 + s**5/120 + 3*s**4/4 - 13*s**2. Let o(u) be the second derivative of h(u). Determine o(-1).
3
Let r be ((-25)/(-20))/1 + 20/(-16). Let n(f) = 2*f + 4. Give n(r).
4
Let g(v) be the first derivative of v**5/60 + 3*v**4/8 + 5*v**3/6 - 23*v**2 + 37. Let a(o) be the second derivative of g(o). What is a(-8)?
-3
Let k(r) = -r**2 + 2*r + 21. Let f(o) = o**3 + 8*o**2 - 34*o - 4. Let u be f(-11). Calculate k(u).
-14
Let j(z) = -5*z - 4*z - 369*z**2 + 371*z**2 + 3. What is j(6)?
21
Suppose 5*g = 9*g - 8. Let s be (3/(